{"id":5,"date":"2021-04-09T20:19:18","date_gmt":"2021-04-09T18:19:18","guid":{"rendered":"http:\/\/cominsg.cluster026.hosting.ovh.net\/index.php\/mesmerize\/"},"modified":"2024-07-25T19:21:34","modified_gmt":"2024-07-25T17:21:34","slug":"mesmerize","status":"publish","type":"page","link":"https:\/\/com-in-soin.fr\/","title":{"rendered":"Bienvenue"},"content":{"rendered":"\n<h2 class=\"has-text-align-center has-text-color\" style=\"color:#171a68\"><strong>Bonjour et bienvenue \u00e0 tous !<\/strong><\/h2>\n\n\n<p><span style=\"color: #333333;\">Depuis plus de quarante ans, le syst\u00e8me de sant\u00e9 &nbsp;fran\u00e7ais \u00e9volue. Le patient, passif devient acteur et expert de son parcours de soin.&nbsp;L\u2019histoire de ce changement montre qu\u2019\u00eatre acteur de sa sant\u00e9&nbsp;est une&nbsp;d\u00e9marche <span style=\"color: #171a68;\"><strong>individuelle<\/strong><\/span> mais aussi <span style=\"color: #171a68;\"><strong>collective<\/strong><\/span>. De nouvelles relations soignants-soign\u00e9s, aidants -aid\u00e9s se mettent en place, o\u00f9 les d\u00e9cisions sont partag\u00e9es et la confiance ne se dicte plus mais s&rsquo;acquiert en toute transparence et information des deux parties. <\/span><\/p>\n\n\n<h2><\/h2>\n\n\n<p><span style=\"color: #333333;\">N\u00e9anmoins, si \u00eatre acteur de sa sant\u00e9 en \u00e9tant volontaire et solidaire est possible, il existe des&nbsp;obstacles \u00e0 surmonter notamment avec le manque d&rsquo;informations. Les raisons en sont multiples et pour cause :<\/span><\/p>\n<ul>\n<li><span style=\"color: #333333;\"><strong><span style=\"color: #171a68;\">Manque de temps<\/span><\/strong>. Le syst\u00e8me de sant\u00e9 \u00e9tant fortement satur\u00e9s, &nbsp;le temps n\u00e9cessaire \u00e0 l&rsquo;information reste restreint, la priorit\u00e9 \u00e9tant r\u00e9serv\u00e9e aux soins.&nbsp;<\/span><\/li>\n<li><span style=\"color: #333333;\"><span style=\"color: #171a68;\"><strong>Manque de vulgarisation des informations et de compr\u00e9hension des &nbsp;m\u00e9canismes sous jacents<\/strong><\/span> qui cr\u00e9e une distance entre professionnels de sant\u00e9 et individus et m\u00eame entre professionnels eux m\u00eame.&nbsp;<\/span><\/li>\n<li><span style=\"color: #333333;\"><span style=\"color: #171a68;\"><strong>La complexit\u00e9 du syst\u00e8me de soin et des prises en charge<\/strong> <\/span>peuvent conduire \u00e0 une impasse quant&nbsp;<\/span><span style=\"color: #333333;\">\u00e0 la d\u00e9marche \u00e0 suivre pour r\u00e9aliser son parcours de soin de fa\u00e7on optimale en ayant les aides les plus adapt\u00e9es.<\/span><\/li>\n<\/ul>\n\n\n<h2><\/h2>\n\n\n<p><span style=\"color: #333333; font-size: inherit;\">Parce que comprendre est le premier pas vers l\u2019autonomie, l\u2019association Com-In-SoIn est l\u00e0 pour <\/span><span style=\"color: #171a68;\"><strong>vous guider et vous accompagner<\/strong><\/span><span style=\"color: #333333; font-size: inherit;\">&nbsp;pr\u00e9cis\u00e9ment sur toutes les cat\u00e9gories d\u2019information qui vous sont indispensables en communicant, informant et en vous soutenant sur tous ce qui touche de pr\u00e8s ou de loin au bien-\u00eatre et au syst\u00e8me de sant\u00e9 et ceci \u00e0 diff\u00e9rents niveaux (individuels, collectifs et institutionnels)<\/span><\/p>\n<p><span style=\"color: #333333;\">Ceci se fait gr\u00e2ce au <span style=\"color: #171a68;\"><strong>f<\/strong><strong>onctionnement coll\u00e9gial de professionnels provenant de diff\u00e9rents secteurs<\/strong><\/span> (m\u00e9decine traditionnelle, param\u00e9dicale, m\u00e9decine alternative, artistes \u2026) en activit\u00e9, investis et engag\u00e9s.<\/span><\/p>\n<p style=\"text-align: center;\">\n<\/p><p style=\"text-align: center;\"><span style=\"color: #171a68;\"><strong>Nous restons disponibles pour toutes questions par t\u00e9l\u00e9phone: 06.15.45.23.12 et par mail \u00e0 contact@com-in-soin.fr<\/strong><\/span><\/p>\n\n\n<p><\/p>\n","protected":false},"excerpt":{"rendered":"<p>Bonjour et bienvenue \u00e0 tous ! Depuis plus de quarante ans, le syst\u00e8me de sant\u00e9 &nbsp;fran\u00e7ais \u00e9volue. Le patient, passif devient acteur et expert de son parcours de soin.&nbsp;L\u2019histoire de ce changement montre qu\u2019\u00eatre acteur de sa sant\u00e9&nbsp;est une&nbsp;d\u00e9marche individuelle<\/p>\n","protected":false},"author":1,"featured_media":0,"parent":0,"menu_order":0,"comment_status":"closed","ping_status":"closed","template":"","meta":[],"_links":{"self":[{"href":"https:\/\/com-in-soin.fr\/index.php\/wp-json\/wp\/v2\/pages\/5"}],"collection":[{"href":"https:\/\/com-in-soin.fr\/index.php\/wp-json\/wp\/v2\/pages"}],"about":[{"href":"https:\/\/com-in-soin.fr\/index.php\/wp-json\/wp\/v2\/types\/page"}],"author":[{"embeddable":true,"href":"https:\/\/com-in-soin.fr\/index.php\/wp-json\/wp\/v2\/users\/1"}],"replies":[{"embeddable":true,"href":"https:\/\/com-in-soin.fr\/index.php\/wp-json\/wp\/v2\/comments?post=5"}],"version-history":[{"count":19,"href":"https:\/\/com-in-soin.fr\/index.php\/wp-json\/wp\/v2\/pages\/5\/revisions"}],"predecessor-version":[{"id":199,"href":"https:\/\/com-in-soin.fr\/index.php\/wp-json\/wp\/v2\/pages\/5\/revisions\/199"}],"wp:attachment":[{"href":"https:\/\/com-in-soin.fr\/index.php\/wp-json\/wp\/v2\/media?parent=5"}],"curies":[{"name":"wp","href":"https:\/\/api.w.org\/{rel}","templated":true}]}}